{"id":428,"date":"2016-01-29T11:21:42","date_gmt":"2016-01-29T10:21:42","guid":{"rendered":"http:\/\/we-inform.de\/portal\/?page_id=428"},"modified":"2025-09-28T12:46:58","modified_gmt":"2025-09-28T10:46:58","slug":"banken","status":"publish","type":"page","link":"https:\/\/we-inform.de\/portal\/de\/banken\/","title":{"rendered":"Banken"},"content":{"rendered":"<div class=\"fusion-fullwidth fullwidth-box fusion-fullwidth-1  fusion-parallax-none hundred-percent-fullwidth\" style=\"border-color:#eae9e9;border-bottom-width: 0px;border-top-width: 0px;border-bottom-style: solid;border-top-style: solid;padding-bottom:200px;padding-top:200px;padding-left:;padding-right:;background-color:#02a4d5;background-position:center center;background-repeat:no-repeat;-webkit-background-size:cover;-moz-background-size:cover;-o-background-size:cover;background-size:cover;-ms-filter: &quot;progid:DXImageTransform.Microsoft.AlphaImageLoader(src=&#039;https:\/\/we-inform.de\/portal\/wp-content\/uploads\/2016\/01\/Bank.jpg&#039;, sizingMethod=&#039;scale&#039;)&quot;;background-image: url(https:\/\/we-inform.de\/portal\/wp-content\/uploads\/2016\/01\/Bank.jpg);\"><style type=\"text\/css\" scoped=\"scoped\">.fusion-fullwidth-1 {\r\n                            padding-left: px !important;\r\n                            padding-right: px !important;\r\n                        }<\/style><div class=\"fusion-row\"><\/div><\/div><div class=\"fusion-section-separator section-separator\" style=\"border-bottom:20px solid #02a4d5;\"><div class=\"divider-candy-arrow bottom\" style=\"top:20px;border-top-color: #02a4d5;\"><\/div><div class=\"divider-candy bottom\" style=\"bottom:-40px;border-bottom:1px solid #02a4d5;border-left:1px solid #02a4d5;\"><\/div><\/div><div class=\"fusion-fullwidth fullwidth-box fusion-fullwidth-2  fusion-parallax-none nonhundred-percent-fullwidth\" style=\"border-color:#eae9e9;border-bottom-width: 0px;border-top-width: 0px;border-bottom-style: solid;border-top-style: solid;padding-bottom:0px;padding-top:20px;padding-left:80px;padding-right:80px;\"><style type=\"text\/css\" scoped=\"scoped\">.fusion-fullwidth-2 {\r\n                            padding-left: 80px !important;\r\n                            padding-right: 80px !important;\r\n                        }<\/style><div class=\"fusion-row\"><div class=\"fusion-one-full fusion-layout-column fusion-column-last fusion-spacing-yes\" style=\"margin-top:0px;margin-bottom:0px;\"><div class=\"fusion-column-wrapper\" style=\"background-color:#c6c6c6;padding:18px;\"><div class=\"fusion-column-table\"><div class=\"fusion-column-tablecell\"><h6 style=\"text-align: left;\"><span style=\"color: #000000;\">Was ist ein &#8222;Girokonto&#8220;?<\/span><\/h6>\n<div class=\"fusion-clearfix\"><\/div><\/div><\/div><\/div><\/div><div class=\"fusion-clearfix\"><\/div><div class=\"fusion-sep-clear\"><\/div><div class=\"fusion-separator fusion-full-width-sep sep-none\" style=\"border-color:#e0dede;margin-left: auto;margin-right: auto;margin-top:35px;\"><\/div><div class=\"fusion-one-half fusion-layout-column fusion-spacing-yes\" style=\"margin-top:0px;margin-bottom:0px;\"><div class=\"fusion-column-wrapper\"><div class=\"page\" title=\"Page 1\">\n<div class=\"section\">\n<div class=\"layoutArea\">\n<div class=\"column\">\n<p>Ein Konto bei einer Bank in Deutschland ist unverzichtbar! Ein normales Konto nennt man &#8222;Girokonto&#8220;. Damit kann man Ihnen Geld \u00fcberweisen \u2013 etwa Ihr Arbeitgeber \u2013 oder Freunden und Verwandten Geld schicken. Zudem k\u00f6nnen Sie an Geldautomaten Bargeld abheben. Dazu stellt Ihnen Ihre Bank eine &#8222;EC-Karte&#8220; aus. Mit der EC-Karte k\u00f6nnen Sie h\u00e4ufig auch in Gesch\u00e4ften und Restaurants bezahlen.<\/p>\n<p>Ein besonders einfaches Girokonto ist das Basiskonto. Jeder hat das Recht, ein Basiskonto zu erhalten. Es bietet Ihnen alle typischen Funktionen eines Girokontos und richtet sich besonders an Gefl\u00fcchtete. Informationen zum Basiskonto finden Sie in 7 Sprachen hier:<br \/>\n<a href=\"http:\/\/www.hamburg.de\/kundenschutz\/7794042\/recht-auf-ein-konto\/\">http:\/\/www.hamburg.de\/kundenschutz\/7794042\/recht-auf-ein-konto\/<\/a><\/p>\n<\/div>\n<\/div>\n<\/div>\n<\/div>\n<div class=\"fusion-clearfix\"><\/div><\/div><\/div><div class=\"fusion-one-half fusion-layout-column fusion-column-last fusion-spacing-yes\" style=\"margin-top:0px;margin-bottom:0px;\"><div class=\"fusion-column-wrapper\"><div class=\"page\" title=\"Page 1\">\n<div class=\"section\">\n<div class=\"layoutArea\">\n<div class=\"column\">\n<p>Ein Girokonto oder auch ein Basiskonto k\u00f6nnen Sie beispielsweise bei der Hamburger Sparkasse (Haspa), der Hamburger Volksbank oder der Commerzbank er\u00f6ffnen. F\u00fcr Kinder, Sch\u00fcler, Studenten und Auszubildende gibt es in der Regel ein kostenloses Konto. Ansonsten m\u00fcssen Sie meistens Kontof\u00fchrungsgeb\u00fchren zahlen.<\/p>\n<p><span class=\"TextRun SCXW102574235 BCX8\" lang=\"DE-DE\" xml:lang=\"DE-DE\" data-contrast=\"auto\"><span class=\"NormalTextRun SCXW102574235 BCX8\">Bei der <\/span><\/span><span class=\"TextRun Highlight SCXW102574235 BCX8\" lang=\"DE-DE\" xml:lang=\"DE-DE\" data-contrast=\"auto\"><span class=\"NormalTextRun SCXW102574235 BCX8\">Deutschen Bank<\/span><\/span><span class=\"TextRun SCXW102574235 BCX8\" lang=\"DE-DE\" xml:lang=\"DE-DE\" data-contrast=\"auto\"><span class=\"NormalTextRun SCXW102574235 BCX8\"> betr\u00e4gt die<\/span><span class=\"NormalTextRun SCXW102574235 BCX8\"> monatliche Kontof\u00fchrungsgeb\u00fchr 6,90 Euro und wird quartalsweise abgerechnet.<\/span><\/span><span class=\"EOP SCXW102574235 BCX8\" data-ccp-props=\"{}\">\u00a0<\/span><\/p>\n<p>Kostenlose Online-Basiskonten f\u00fcr jeden gibt es unter anderem bei der Consorsbank, Deutschen Kreditbank (DKB) und bei der Oldenburgischen Landesbank.<\/p>\n<p>Vergleichen Sie auch die Konditionen weiterer Banken hier:\u00a0 <a href=\"https:\/\/www.test.de\/Basiskonten-im-Test-4936098-0\/\">https:\/\/www.test.de\/Basiskonten-im-Test-4936098-0\/<\/a> (Basiskonten) und <a href=\"https:\/\/girokonto.focus.de\/?cashReceipt=500&amp;sliderRatingCost=10&amp;sliderRatingCash=2&amp;sliderRatingDispo=2&amp;sorting=grade&amp;p=2\">https:\/\/girokonto.focus.de\/<\/a> (Girokonten).<\/p>\n<\/div>\n<\/div>\n<\/div>\n<\/div>\n<div class=\"fusion-clearfix\"><\/div><\/div><\/div><div class=\"fusion-clearfix\"><\/div><\/div><\/div><div class=\"fusion-fullwidth fullwidth-box fusion-fullwidth-3  fusion-parallax-none nonhundred-percent-fullwidth\" style=\"border-color:#eae9e9;border-bottom-width: 0px;border-top-width: 0px;border-bottom-style: solid;border-top-style: solid;padding-bottom:20px;padding-top:20px;padding-left:80px;padding-right:80px;\"><style type=\"text\/css\" scoped=\"scoped\">.fusion-fullwidth-3 {\r\n                            padding-left: 80px !important;\r\n                            padding-right: 80px !important;\r\n                        }<\/style><div class=\"fusion-row\"><div class=\"fusion-one-full fusion-layout-column fusion-column-last fusion-spacing-yes\" style=\"margin-top:0px;margin-bottom:0px;\"><div class=\"fusion-column-wrapper\" style=\"background-color:#c6c6c6;padding:18px;\"><div class=\"fusion-column-table\"><div class=\"fusion-column-tablecell\"><h6 style=\"text-align: left;\"><span style=\"color: #000000;\">Was f\u00fcr zus\u00e4tzliche Angebote gibt es f\u00fcr ukrainische Gefl\u00fcchtete?<\/span><\/h6>\n<div class=\"fusion-clearfix\"><\/div><\/div><\/div><\/div><\/div><div class=\"fusion-clearfix\"><\/div><div class=\"fusion-sep-clear\"><\/div><div class=\"fusion-separator fusion-full-width-sep sep-none\" style=\"border-color:#e0dede;margin-left: auto;margin-right: auto;margin-top:;margin-bottom:15px;\"><\/div><div class=\"fusion-one-half fusion-layout-column fusion-spacing-yes\" style=\"margin-top:0px;margin-bottom:0px;\"><div class=\"fusion-column-wrapper\"><div class=\"page\" title=\"Page 1\">\n<div class=\"section\">\n<div class=\"layoutArea\">\n<div class=\"column\">\n<div class=\"page\" title=\"Page 1\">\n<div class=\"section\">\n<div class=\"layoutArea\">\n<div class=\"column\">\n<div class=\"page\" title=\"Page 1\">\n<div class=\"section\">\n<div class=\"layoutArea\">\n<div class=\"column\">\n<p>Die Hamburger Sparkasse (Haspa) bietet Gefl\u00fcchteten aus der Ukraine ein Basiskonto f\u00fcr 6 Monate kostenlos an. Danach fallen Geb\u00fchren an. Um ein Konto zu er\u00f6ffnen, werden ein Reisepass oder ein Personalausweis ben\u00f6tigt. Die Registrierung der Hansestadt Hamburg, ein anderer Aufenthaltstitel (Aufenthaltstitel) oder eine Duldung m\u00fcssen noch nicht vorhanden sein.<\/p>\n<p>Sie k\u00f6nnen bei 7 Haspa-Filialen ein Konto er\u00f6ffnen. Die Kontaktdaten finden Sie hier: <a href=\"https:\/\/www.haspa.de\/de\/home\/privatkunden\/girokonto\/kontoeroeffnung.html\">https:\/\/www.haspa.de\/de\/home\/privatkunden\/girokonto\/kontoeroeffnung.html<\/a><\/p>\n<p>Weitere Informationen finden sie hier:<\/p>\n<p>Ukrainisch:<a href=\"https:\/\/www.haspa.de\/content\/dam\/myif\/haspa\/work\/dokumente\/pdf\/haspa\/privatkunden\/UKR-PDF-Flyer.pdf?n=true\"> https:\/\/www.haspa.de\/content\/dam\/myif\/haspa\/work\/dokumente\/pdf\/haspa\/privatkunden\/UKR-PDF-Flyer.pdf?n=true<\/a><\/p>\n<p>Russisch: <a href=\"https:\/\/www.haspa.de\/content\/dam\/myif\/haspa\/work\/dokumente\/pdf\/haspa\/privatkunden\/RUS-PDF-Flyer.pdf?n=true\">https:\/\/www.haspa.de\/content\/dam\/myif\/haspa\/work\/dokumente\/pdf\/haspa\/privatkunden\/RUS-PDF-Flyer.pdf?n=true<\/a><\/p>\n<p>Deutsch: <a href=\"https:\/\/www.haspa.de\/content\/dam\/myif\/haspa\/work\/dokumente\/pdf\/haspa\/privatkunden\/DEU-PDF-Flyer.pdf?n=true\">https:\/\/www.haspa.de\/content\/dam\/myif\/haspa\/work\/dokumente\/pdf\/haspa\/privatkunden\/DEU-PDF-Flyer.pdf?n=true<\/a><\/p>\n<p>Wenn Sie bei der Haspa ein Basiskonto er\u00f6ffnet haben, k\u00f6nnen Sie dort auch Hryvnia in Euro umtauschen. Das geht bei dieser Filiale:<\/p>\n<p>Haspa Filiale City, Gro\u00dfer Burstah 6<\/p>\n<p>Sie k\u00f6nnen bis zu 10000 Hryvnia umtauschen, das sind etwa 300 \u20ac. Minderj\u00e4hrige k\u00f6nnen kein Geld umtauschen.<\/p>\n<\/div>\n<\/div>\n<\/div>\n<\/div>\n<\/div>\n<\/div>\n<\/div>\n<\/div>\n<\/div>\n<\/div>\n<\/div>\n<\/div>\n<div class=\"fusion-clearfix\"><\/div><\/div><\/div><div class=\"fusion-one-half fusion-layout-column fusion-column-last fusion-spacing-yes\" style=\"margin-top:0px;margin-bottom:0px;\"><div class=\"fusion-column-wrapper\"><div class=\"page\" title=\"Page 1\">\n<div class=\"section\">\n<div class=\"layoutArea\">\n<div class=\"column\">\n<p>Bei der Deutschen Bank ist das Basiskonto f\u00fcr Gefl\u00fcchtete aus der Ukraine 1 Jahr lang geb\u00fchrenfrei. Danach fallen ebenfalls Geb\u00fchren an. Bei der Deutschen Bank muss man vollj\u00e4hrig sein, um ein solches Konto er\u00f6ffnen zu k\u00f6nnen. Ausweisdokumente in kyrillischer Schrift m\u00fcssen \u00fcbersetzt und beglaubigt vorliegen. Au\u00dferdem braucht die Deutsche Bank eine Adresse, unter der Sie in Deutschland erreichbar sind, sowie eine Auskunft, wo Sie Steuern zahlen. Sie k\u00f6nnen in allen Filialen nach der Kontoer\u00f6ffnung fragen. Filialen k\u00f6nnen Sie hier suchen: <a href=\"https:\/\/www.deutsche-bank.de\/pk\/filialsuche.html\">https:\/\/www.deutsche-bank.de\/pk\/filialsuche.html<\/a>.<\/p>\n<\/div>\n<\/div>\n<\/div>\n<\/div>\n<div class=\"fusion-clearfix\"><\/div><\/div><\/div><div class=\"fusion-clearfix\"><\/div><\/div><\/div><div class=\"fusion-fullwidth fullwidth-box fusion-fullwidth-4  fusion-parallax-none nonhundred-percent-fullwidth\" style=\"border-color:#eae9e9;border-bottom-width: 0px;border-top-width: 0px;border-bottom-style: solid;border-top-style: solid;padding-bottom:20px;padding-top:20px;padding-left:80px;padding-right:80px;\"><style type=\"text\/css\" scoped=\"scoped\">.fusion-fullwidth-4 {\r\n                            padding-left: 80px !important;\r\n                            padding-right: 80px !important;\r\n                        }<\/style><div class=\"fusion-row\"><div class=\"fusion-one-full fusion-layout-column fusion-column-last fusion-spacing-yes\" style=\"margin-top:0px;margin-bottom:0px;\"><div class=\"fusion-column-wrapper\" style=\"background-color:#c6c6c6;padding:18px;\"><div class=\"fusion-column-table\"><div class=\"fusion-column-tablecell\"><h6 style=\"text-align: left;\"><span style=\"color: #000000;\">Was sollte ich \u00fcber die Kontoer\u00f6ffnung wissen?<\/span><\/h6>\n<div class=\"fusion-clearfix\"><\/div><\/div><\/div><\/div><\/div><div class=\"fusion-clearfix\"><\/div><div class=\"fusion-sep-clear\"><\/div><div class=\"fusion-separator fusion-full-width-sep sep-none\" style=\"border-color:#e0dede;margin-left: auto;margin-right: auto;margin-top:;margin-bottom:15px;\"><\/div><div class=\"fusion-one-half fusion-layout-column fusion-spacing-yes\" style=\"margin-top:0px;margin-bottom:0px;\"><div class=\"fusion-column-wrapper\"><div class=\"page\" title=\"Page 1\">\n<div class=\"section\">\n<div class=\"layoutArea\">\n<div class=\"column\">\n<div class=\"page\" title=\"Page 1\">\n<div class=\"section\">\n<div class=\"layoutArea\">\n<div class=\"column\">\n<div class=\"page\" title=\"Page 1\">\n<div class=\"section\">\n<div class=\"layoutArea\">\n<div class=\"column\">\n<p>Um ein Girokonto zu er\u00f6ffnen, vereinbaren Sie zuerst bei einer Bank telefonisch oder in einer Filiale pers\u00f6nlich einen Termin. Fragen Sie nach, welche Dokumente Sie f\u00fcr die Kontoer\u00f6ffnung mitbringen sollen. Normalerweise m\u00fcssen Sie zum Termin einen Identit\u00e4tsnachweis vorlegen \u2013 beispielsweise ihren Personalausweis oder Pass.<\/p>\n<\/div>\n<\/div>\n<\/div>\n<\/div>\n<\/div>\n<\/div>\n<\/div>\n<\/div>\n<\/div>\n<\/div>\n<\/div>\n<\/div>\n<div class=\"fusion-clearfix\"><\/div><\/div><\/div><div class=\"fusion-one-half fusion-layout-column fusion-column-last fusion-spacing-yes\" style=\"margin-top:0px;margin-bottom:0px;\"><div class=\"fusion-column-wrapper\"><div class=\"page\" title=\"Page 1\">\n<div class=\"section\">\n<div class=\"layoutArea\">\n<div class=\"column\">\n<p>Ein Aufenthaltsdokument (zum Beispiel Ankunftsnachweis, Aufenthaltsgestattung oder Duldung), das Ihre Identit\u00e4t nachweist, reicht zumindest f\u00fcr ein Basiskonto immer aus. Lassen Sie sich von Dolmetschern begleiten, wenn Sie kein Deutsch oder Englisch sprechen.<\/p>\n<p>Sie k\u00f6nnen bei vielen Banken auch online ein Konto er\u00f6ffnen.<\/p>\n<\/div>\n<\/div>\n<\/div>\n<\/div>\n<div class=\"fusion-clearfix\"><\/div><\/div><\/div><div class=\"fusion-clearfix\"><\/div><\/div><\/div><div class=\"fusion-fullwidth fullwidth-box fusion-fullwidth-5  fusion-parallax-none nonhundred-percent-fullwidth\" style=\"border-color:#eae9e9;border-bottom-width: 0px;border-top-width: 0px;border-bottom-style: solid;border-top-style: solid;padding-bottom:20px;padding-top:20px;padding-left:80px;padding-right:80px;\"><style type=\"text\/css\" scoped=\"scoped\">.fusion-fullwidth-5 {\r\n                            padding-left: 80px !important;\r\n                            padding-right: 80px !important;\r\n                        }<\/style><div class=\"fusion-row\"><div class=\"fusion-one-full fusion-layout-column fusion-column-last fusion-spacing-yes\" style=\"margin-top:0px;margin-bottom:0px;\"><div class=\"fusion-column-wrapper\" style=\"background-color:#c6c6c6;padding:18px;\"><div class=\"fusion-column-table\"><div class=\"fusion-column-tablecell\"><div class=\"page\" title=\"Page 1\">\n<div class=\"section\">\n<div class=\"layoutArea\">\n<div class=\"column\">\n<h6 style=\"text-align: left;\"><span style=\"color: #000000;\">Wie hebe ich Bargeld ab?<\/span><\/h6>\n<\/div>\n<\/div>\n<\/div>\n<\/div>\n<div class=\"fusion-clearfix\"><\/div><\/div><\/div><\/div><\/div><div class=\"fusion-clearfix\"><\/div><div class=\"fusion-sep-clear\"><\/div><div class=\"fusion-separator fusion-full-width-sep sep-none\" style=\"border-color:#e0dede;margin-left: auto;margin-right: auto;margin-top:;margin-bottom:15px;\"><\/div><div class=\"fusion-one-half fusion-layout-column fusion-spacing-yes\" style=\"margin-top:0px;margin-bottom:0px;\"><div class=\"fusion-column-wrapper\"><div class=\"page\" title=\"Page 1\">\n<div class=\"section\">\n<div class=\"layoutArea\">\n<div class=\"column\">\n<div class=\"page\" title=\"Page 1\">\n<div class=\"section\">\n<div class=\"layoutArea\">\n<div class=\"column\">\n<p>Wenn Sie ein Girokonto er\u00f6ffnet haben und Ihnen die Bank eine EC-Karte mit PIN zugeschickt hat, k\u00f6nnen Sie an Geldautomaten Bargeld abheben. Geldautomaten in Ihrer N\u00e4he finden Sie hier:<\/p>\n<p><a href=\"http:\/\/www.dasoertliche.de\/geldautomaten\/\">www.dasoertliche.de\/geldautomaten\/<\/a><\/p>\n<p>Versuchen Sie immer, Bargeld nur an einem Geldautomaten Ihrer Bank abzuheben! Denn ansonsten k\u00f6nnen hohe Kosten entstehen. An vielen Geldautomaten k\u00f6nnen Sie zudem die Sprache umstellen.<\/p>\n<\/div>\n<\/div>\n<\/div>\n<\/div>\n<\/div>\n<\/div>\n<\/div>\n<\/div>\n<div class=\"fusion-clearfix\"><\/div><\/div><\/div><div class=\"fusion-one-half fusion-layout-column fusion-column-last fusion-spacing-yes\" style=\"margin-top:0px;margin-bottom:0px;\"><div class=\"fusion-column-wrapper\"><div class=\"page\" title=\"Page 1\">\n<div class=\"section\">\n<div class=\"layoutArea\">\n<div class=\"column\">\n<div class=\"page\" title=\"Page 1\">\n<div class=\"section\">\n<div class=\"layoutArea\">\n<div class=\"column\">\n<p>Stecken Sie anschlie\u00dfend Ihre Karte in den Kartenschlitz, geben Sie Ihre PIN ein und w\u00e4hlen Sie einen Geldbetrag aus. Verhindern Sie, dass jemand Ihre PIN sehen kann! In der Regel wird zuerst Ihre Karte und dann das Bargeld ausgegeben.<\/p>\n<p>Sollte Ihnen ein Fehler passieren, bleiben Sie ruhig. Egal was passiert \u2013 ob der Bankautomat kein Geld ausgibt oder Sie das Geld im Bankautomaten vergessen \u2013 melden Sie sich unverz\u00fcglich bei Ihrer Bank. Dort l\u00e4sst sich der Fehler meistens kl\u00e4ren und Sie bekommen Ihr Geld.<\/p>\n<\/div>\n<\/div>\n<\/div>\n<\/div>\n<\/div>\n<\/div>\n<\/div>\n<\/div>\n<div class=\"fusion-clearfix\"><\/div><\/div><\/div><div class=\"fusion-clearfix\"><\/div><\/div><\/div><div class=\"fusion-fullwidth fullwidth-box fusion-fullwidth-6  fusion-parallax-none nonhundred-percent-fullwidth\" style=\"border-color:#eae9e9;border-bottom-width: 0px;border-top-width: 0px;border-bottom-style: solid;border-top-style: solid;padding-bottom:20px;padding-top:20px;padding-left:;padding-right:;\"><style type=\"text\/css\" scoped=\"scoped\">.fusion-fullwidth-6 {\r\n                            padding-left: px !important;\r\n                            padding-right: px !important;\r\n                        }<\/style><div class=\"fusion-row\"><p style=\"text-align: right;\"><span style=\"color: #7f7f7f;\">Zuletzt aktualisiert: 01.08.2024<\/span><\/p>\n<\/div><\/div>\n","protected":false},"excerpt":{"rendered":"","protected":false},"author":1,"featured_media":0,"parent":0,"menu_order":0,"comment_status":"closed","ping_status":"closed","template":"100-width.php","meta":{"footnotes":""},"class_list":["post-428","page","type-page","status-publish","hentry"],"_links":{"self":[{"href":"https:\/\/we-inform.de\/portal\/wp-json\/wp\/v2\/pages\/428"}],"collection":[{"href":"https:\/\/we-inform.de\/portal\/wp-json\/wp\/v2\/pages"}],"about":[{"href":"https:\/\/we-inform.de\/portal\/wp-json\/wp\/v2\/types\/page"}],"author":[{"embeddable":true,"href":"https:\/\/we-inform.de\/portal\/wp-json\/wp\/v2\/users\/1"}],"replies":[{"embeddable":true,"href":"https:\/\/we-inform.de\/portal\/wp-json\/wp\/v2\/comments?post=428"}],"version-history":[{"count":23,"href":"https:\/\/we-inform.de\/portal\/wp-json\/wp\/v2\/pages\/428\/revisions"}],"predecessor-version":[{"id":11329,"href":"https:\/\/we-inform.de\/portal\/wp-json\/wp\/v2\/pages\/428\/revisions\/11329"}],"wp:attachment":[{"href":"https:\/\/we-inform.de\/portal\/wp-json\/wp\/v2\/media?parent=428"}],"curies":[{"name":"wp","href":"https:\/\/api.w.org\/{rel}","templated":true}]}}