{"id":422,"date":"2016-01-29T11:20:58","date_gmt":"2016-01-29T10:20:58","guid":{"rendered":"http:\/\/we-inform.de\/portal\/?page_id=422"},"modified":"2025-05-01T14:54:35","modified_gmt":"2025-05-01T12:54:35","slug":"nachrichten","status":"publish","type":"page","link":"https:\/\/we-inform.de\/portal\/de\/nachrichten\/","title":{"rendered":"Nachrichten"},"content":{"rendered":"<div class=\"fusion-fullwidth fullwidth-box fusion-fullwidth-1  fusion-parallax-none hundred-percent-fullwidth\" style=\"border-color:#eae9e9;border-bottom-width: 0px;border-top-width: 0px;border-bottom-style: solid;border-top-style: solid;padding-bottom:200px;padding-top:200px;padding-left:;padding-right:;background-color:#02a4d5;background-position:center center;background-repeat:no-repeat;-webkit-background-size:cover;-moz-background-size:cover;-o-background-size:cover;background-size:cover;-ms-filter: &quot;progid:DXImageTransform.Microsoft.AlphaImageLoader(src=&#039;https:\/\/we-inform.de\/portal\/wp-content\/uploads\/2016\/01\/Nachrichten.jpg&#039;, sizingMethod=&#039;scale&#039;)&quot;;background-image: url(https:\/\/we-inform.de\/portal\/wp-content\/uploads\/2016\/01\/Nachrichten.jpg);\"><style type=\"text\/css\" scoped=\"scoped\">.fusion-fullwidth-1 {\r\n                            padding-left: px !important;\r\n                            padding-right: px !important;\r\n                        }<\/style><div class=\"fusion-row\"><\/div><\/div><div class=\"fusion-section-separator section-separator\" style=\"border-bottom:20px solid #02a4d5;\"><div class=\"divider-candy-arrow bottom\" style=\"top:20px;border-top-color: #02a4d5;\"><\/div><div class=\"divider-candy bottom\" style=\"bottom:-40px;border-bottom:1px solid #02a4d5;border-left:1px solid #02a4d5;\"><\/div><\/div><div class=\"fusion-fullwidth fullwidth-box fusion-fullwidth-2  fusion-parallax-none nonhundred-percent-fullwidth\" style=\"border-color:#eae9e9;border-bottom-width: 0px;border-top-width: 0px;border-bottom-style: solid;border-top-style: solid;padding-bottom:0px;padding-top:20px;padding-left:80px;padding-right:80px;\"><style type=\"text\/css\" scoped=\"scoped\">.fusion-fullwidth-2 {\r\n                            padding-left: 80px !important;\r\n                            padding-right: 80px !important;\r\n                        }<\/style><div class=\"fusion-row\"><div class=\"fusion-sep-clear\"><\/div><div class=\"fusion-separator fusion-full-width-sep sep-none\" style=\"border-color:#e0dede;margin-left: auto;margin-right: auto;margin-top:35px;\"><\/div><div class=\"fusion-one-half fusion-layout-column fusion-spacing-yes\" style=\"margin-top:0px;margin-bottom:0px;\"><div class=\"fusion-column-wrapper\"><div class=\"page\" title=\"Page 1\">\n<div class=\"section\">\n<div class=\"layoutArea\">\n<div class=\"column\">\n<h3><b>Diese \u00dcbersicht gibt Ihnen Auskunft \u00fcber M\u00f6glichkeiten, sich \u00fcber Nachrichten in Schrift, Radio und Video zu informieren.<\/b><\/h3>\n<\/div>\n<\/div>\n<\/div>\n<\/div>\n<div class=\"fusion-clearfix\"><\/div><\/div><\/div><div class=\"fusion-one-half fusion-layout-column fusion-column-last fusion-spacing-yes\" style=\"margin-top:0px;margin-bottom:0px;\"><div class=\"fusion-column-wrapper\"><div class=\"page\" title=\"Page 1\">\n<div class=\"section\">\n<div class=\"layoutArea\">\n<div class=\"column\">\n<h3><strong>Die meisten der genannten Medien sind auf Englisch, Deutsch oder Arabisch erh\u00e4ltlich.<\/strong><\/h3>\n<\/div>\n<\/div>\n<\/div>\n<\/div>\n<div class=\"fusion-clearfix\"><\/div><\/div><\/div><div class=\"fusion-clearfix\"><\/div><\/div><\/div><div class=\"fusion-fullwidth fullwidth-box fusion-fullwidth-3  fusion-parallax-none nonhundred-percent-fullwidth\" style=\"border-color:#eae9e9;border-bottom-width: 0px;border-top-width: 0px;border-bottom-style: solid;border-top-style: solid;padding-bottom:20px;padding-top:20px;padding-left:80px;padding-right:80px;\"><style type=\"text\/css\" scoped=\"scoped\">.fusion-fullwidth-3 {\r\n                            padding-left: 80px !important;\r\n                            padding-right: 80px !important;\r\n                        }<\/style><div class=\"fusion-row\"><div class=\"fusion-one-full fusion-layout-column fusion-column-last fusion-spacing-yes\" style=\"margin-top:0px;margin-bottom:0px;\"><div class=\"fusion-column-wrapper\" style=\"background-color:#c6c6c6;padding:18px;\"><div class=\"fusion-column-table\"><div class=\"fusion-column-tablecell\"><div class=\"page\" title=\"Page 1\">\n<div class=\"section\">\n<div class=\"layoutArea\">\n<div class=\"column\">\n<h6 style=\"text-align: left;\"><span style=\"color: #000000;\">Welche Nachrichten in Textform gibt es?<\/span><\/h6>\n<\/div>\n<\/div>\n<\/div>\n<\/div>\n<div class=\"fusion-clearfix\"><\/div><\/div><\/div><\/div><\/div><div class=\"fusion-clearfix\"><\/div><div class=\"fusion-sep-clear\"><\/div><div class=\"fusion-separator fusion-full-width-sep sep-none\" style=\"border-color:#e0dede;margin-left: auto;margin-right: auto;margin-top:;margin-bottom:15px;\"><\/div><div class=\"fusion-one-half fusion-layout-column fusion-spacing-yes\" style=\"margin-top:0px;margin-bottom:0px;\"><div class=\"fusion-column-wrapper\"><div class=\"page\" title=\"Page 1\">\n<div class=\"section\">\n<div class=\"layoutArea\">\n<div class=\"column\">\n<div class=\"page\" title=\"Page 1\">\n<div class=\"section\">\n<div class=\"layoutArea\">\n<div class=\"column\">\n<div class=\"page\" title=\"Page 1\">\n<div class=\"section\">\n<div class=\"layoutArea\">\n<div class=\"column\">\n<div class=\"page\" title=\"Page 1\">\n<div class=\"section\">\n<div class=\"layoutArea\">\n<div class=\"column\">\n<div class=\"page\" title=\"Page 1\">\n<div class=\"section\">\n<div class=\"layoutArea\">\n<div class=\"column\">\n<p><strong>Spiegel Online<\/strong><\/p>\n<p><span style=\"font-weight: 400;\">Spiegel Online<\/span><span style=\"font-weight: 400;\"> ist ein Online-Nachrichtenportal des Magazins \u201e<\/span><span style=\"font-weight: 400;\">Der Spiegel<\/span><span style=\"font-weight: 400;\">\u201c. Dort finden Sie vor allem Artikel zu politischen Nachrichten, aber auch zu gesellschaftlichen Themen. <\/span><span style=\"font-weight: 400;\">Spiegel Online<\/span><span style=\"font-weight: 400;\"> gibt es auf\u00a0Deutsch\u00a0(<\/span><a href=\"https:\/\/www.spiegel.de\/\"><span style=\"font-weight: 400;\">https:\/\/www.spiegel.de\/<\/span><\/a><span style=\"font-weight: 400;\">) und\u00a0Englisch (<\/span><a href=\"https:\/\/www.spiegel.de\/international\/\"><span style=\"font-weight: 400;\">https:\/\/www.spiegel.de\/international\/<\/span><\/a><span style=\"font-weight: 400;\">).<\/span><\/p>\n<p><strong>Zeit Online<\/strong><\/p>\n<p><span style=\"font-weight: 400;\">Zeit Online<\/span><span style=\"font-weight: 400;\"> ist die Website der deutschen Wochenzeitung \u201e<\/span><span style=\"font-weight: 400;\">Die Zeit<\/span><span style=\"font-weight: 400;\">\u201c. Dort finden Sie vor allem l\u00e4ngere Artikel \u00fcber gesellschaftliche und politische Themen. <\/span><span style=\"font-weight: 400;\">Zeit Online<\/span><span style=\"font-weight: 400;\"> gibt es auf Deutsch (<\/span><a href=\"http:\/\/www.zeit.de\/\"><span style=\"font-weight: 400;\">www.zeit.de<\/span><\/a><span style=\"font-weight: 400;\">) und Englisch (<\/span><a href=\"http:\/\/www.zeit.de\/english\"><span style=\"font-weight: 400;\">www.zeit.de\/english<\/span><\/a><span style=\"font-weight: 400;\">).<\/span><\/p>\n<p><strong>Nachrichtenleicht<\/strong><\/p>\n<p><span style=\"font-weight: 400;\">Nachrichtenleicht<\/span><span style=\"font-weight: 400;\"> (<\/span><a href=\"http:\/\/nachrichtenleicht.de\/\"><span style=\"font-weight: 400;\">Nachrichtenleicht.de<\/span><\/a><span style=\"font-weight: 400;\">) ist eine Webseite f\u00fcr Nachrichten auf einfachem Deutsch. Auf der Webseite finden Sie kurze Artikel zu Meldungen aller Art, kurze begleitende Videos sowie einen Podcast (<\/span><a href=\"http:\/\/www.nachrichtenleicht.de\/podcast-nachrichtenleicht.2134.de.html\"><span style=\"font-weight: 400;\">www.nachrichtenleicht.de\/podcast-nachrichtenleicht.2134.de.html<\/span><\/a><span style=\"font-weight: 400;\">).<\/span><\/p>\n<\/div>\n<\/div>\n<\/div>\n<\/div>\n<\/div>\n<\/div>\n<\/div>\n<\/div>\n<\/div>\n<\/div>\n<\/div>\n<\/div>\n<\/div>\n<\/div>\n<\/div>\n<\/div>\n<\/div>\n<\/div>\n<\/div>\n<\/div>\n<div class=\"fusion-clearfix\"><\/div><\/div><\/div><div class=\"fusion-one-half fusion-layout-column fusion-column-last fusion-spacing-yes\" style=\"margin-top:0px;margin-bottom:0px;\"><div class=\"fusion-column-wrapper\"><p><strong>WDR for you<\/strong><\/p>\n<p><span style=\"font-weight: 400;\">WDR for you ist eine Nachrichten-Webseite mit Informationen, Dokumentationen, aber auch Unterhaltung und Kinder-Angeboten f\u00fcr Gefl\u00fcchtete \u2013 auf Deutsch, Englisch, Arabisch und Persisch. Sie finden dort auch k\u00fcrzere Videos mit Tipps zum Leben in Deutschland (<\/span><a href=\"http:\/\/www1.wdr.de\/nachrichten\/wdrforyou\"><span style=\"font-weight: 400;\">http:\/\/www1.wdr.de\/nachrichten\/wdrforyou<\/span><\/a><span style=\"font-weight: 400;\">).<\/span><\/p>\n<p><span style=\"font-weight: 400;\">Zudem finden Sie auf den meisten Webseiten der gro\u00dfen deutschen Tageszeitungen, wie \u201e<\/span><span style=\"font-weight: 400;\">S\u00fcddeutsche<\/span><span style=\"font-weight: 400;\">\u201c (<\/span><a href=\"https:\/\/www.sueddeutsche.de\/\"><span style=\"font-weight: 400;\">https:\/\/www.sueddeutsche.de\/<\/span><\/a><span style=\"font-weight: 400;\"> oder<\/span> <a href=\"http:\/\/international.sueddeutsche.de\/\"><span style=\"font-weight: 400;\">international.sueddeutsche.de<\/span><\/a><span style=\"font-weight: 400;\">) oder \u201e<\/span><span style=\"font-weight: 400;\">Welt<\/span><span style=\"font-weight: 400;\">\u201c (<\/span><a href=\"https:\/\/www.welt.de\/\"><span style=\"font-weight: 400;\">https:\/\/www.welt.de\/<\/span><\/a><span style=\"font-weight: 400;\"> oder <\/span><a href=\"https:\/\/www.welt.de\/english-news\/\"><span style=\"font-weight: 400;\">https:\/\/www.welt.de\/english-news\/<\/span><\/a><span style=\"font-weight: 400;\">) weitere Nachrichten auf Deutsch und Englisch.<\/span><\/p>\n<p>Der WDR bietet au\u00dferdem einen Podcast \u201eCOSMO ukrayinskoyu\u201c mit Nachrichten und Informationen f\u00fcr Gefl\u00fcchtete aus der Ukraine an: <a href=\"https:\/\/www1.wdr.de\/radio\/cosmo\/sprachen\/ukrainisch\/ukrainische-minute-100.html\">https:\/\/www1.wdr.de\/radio\/cosmo\/sprachen\/ukrainisch\/ukrainische-minute-100.html<\/a>.<\/p>\n<div class=\"fusion-clearfix\"><\/div><\/div><\/div><div class=\"fusion-clearfix\"><\/div><\/div><\/div><div class=\"fusion-fullwidth fullwidth-box fusion-fullwidth-4  fusion-parallax-none nonhundred-percent-fullwidth\" style=\"border-color:#eae9e9;border-bottom-width: 0px;border-top-width: 0px;border-bottom-style: solid;border-top-style: solid;padding-bottom:20px;padding-top:20px;padding-left:80px;padding-right:80px;\"><style type=\"text\/css\" scoped=\"scoped\">.fusion-fullwidth-4 {\r\n                            padding-left: 80px !important;\r\n                            padding-right: 80px !important;\r\n                        }<\/style><div class=\"fusion-row\"><div class=\"fusion-one-full fusion-layout-column fusion-column-last fusion-spacing-yes\" style=\"margin-top:0px;margin-bottom:0px;\"><div class=\"fusion-column-wrapper\" style=\"background-color:#c6c6c6;padding:18px;\"><div class=\"fusion-column-table\"><div class=\"fusion-column-tablecell\"><div class=\"page\" title=\"Page 1\">\n<div class=\"section\">\n<div class=\"layoutArea\">\n<div class=\"column\">\n<h6 style=\"text-align: left;\"><span style=\"color: #000000;\">Welche Video-Nachrichten gibt es?<\/span><\/h6>\n<\/div>\n<\/div>\n<\/div>\n<\/div>\n<div class=\"fusion-clearfix\"><\/div><\/div><\/div><\/div><\/div><div class=\"fusion-clearfix\"><\/div><div class=\"fusion-sep-clear\"><\/div><div class=\"fusion-separator fusion-full-width-sep sep-none\" style=\"border-color:#e0dede;margin-left: auto;margin-right: auto;margin-top:;margin-bottom:15px;\"><\/div><div class=\"fusion-one-half fusion-layout-column fusion-spacing-yes\" style=\"margin-top:0px;margin-bottom:0px;\"><div class=\"fusion-column-wrapper\"><p><strong>Tagesschau<\/strong><\/p>\n<p><span style=\"font-weight: 400;\">Die \u201e<\/span><span style=\"font-weight: 400;\">Tagesschau<\/span><span style=\"font-weight: 400;\">\u201c ist die bekannteste deutsche Nachrichtensendung aus dem Fernsehen. Sie k\u00f6nnen sie jeden Tag um 20 Uhr (und zu anderen Zeiten) auf dem Fernsehsender ARD schauen oder auf der Website (<\/span><a href=\"http:\/\/www.tagesschau.de\/\"><span style=\"font-weight: 400;\">www.tagesschau.de\/<\/span><\/a><span style=\"font-weight: 400;\">). Dort finden Sie auch eine kurze Videoversion, die <\/span><span style=\"font-weight: 400;\">Tagesschau<\/span><span style=\"font-weight: 400;\"> in 100 Sekunden (<\/span><a href=\"https:\/\/www.tagesschau.de\/100sekunden\/\"><span style=\"font-weight: 400;\">https:\/\/www.tagesschau.de\/100sekunden\/<\/span><\/a><span style=\"font-weight: 400;\">).<\/span><\/p>\n<p><strong>Tagesschau in einfacher Sprache<\/strong><\/p>\n<p><span data-contrast=\"none\">Das Ziel der <\/span><span data-contrast=\"none\">\u201c<\/span><span data-contrast=\"none\">Tagesschau in Einfacher Sprache<\/span><span data-contrast=\"none\">\u201d<\/span><span data-contrast=\"none\"> ist es, wichtige Nachrichten f\u00fcr alle zug\u00e4nglich zu machen. Die Texte sind klar und <\/span><span data-contrast=\"none\">verst\u00e4ndlich<\/span> <span data-contrast=\"none\">geschrieben<\/span><span data-contrast=\"none\"> und <\/span><span data-contrast=\"none\">verwenden<\/span> <span data-contrast=\"none\">einfache<\/span> <span data-contrast=\"none\">W\u00f6rter<\/span><span data-contrast=\"none\"> und <\/span><span data-contrast=\"none\">kurze<\/span> <span data-contrast=\"none\">S\u00e4tze<\/span><span data-contrast=\"none\">. <\/span><span data-contrast=\"none\">Jeden<\/span><span data-contrast=\"none\"> Freitag <\/span><span data-contrast=\"none\">werden<\/span><span data-contrast=\"none\"> die <\/span><span data-contrast=\"none\">wichtigsten<\/span> <span data-contrast=\"none\">Nachrichten<\/span><span data-contrast=\"none\"> der Woche in Einfacher Sprache ver\u00f6ffentlicht.\u202f<\/span><span data-contrast=\"none\">\u202f<\/span><\/p>\n<p><span data-contrast=\"none\">Dieser Service ist besonders hilfreich, wenn du Deutsch lernst. <\/span><span data-contrast=\"none\">Sie<\/span><span data-contrast=\"none\"> k\u00f6nnen nicht nur Ihr Sprachverst\u00e4ndnis verbessern, sondern auch mehr \u00fcber aktuelle Ereignisse in Deutschland und der Welt erfahren.<\/span><\/p>\n<p><strong>ZDF auf Arabisch und Englisch<\/strong><\/p>\n<p><span style=\"font-weight: 400;\">Das ZDF ist ein gro\u00dfer deutscher Fernsehsender, auf dem Sie Nachrichten und andere Sendungen schauen k\u00f6nnen. Eine Auswahl davon gibt es online mit englischen (<\/span><a href=\"http:\/\/www.zdf.de\/international\/zdfenglish\"><span style=\"font-weight: 400;\">www.zdf.de\/international\/zdfenglish<\/span><\/a><span style=\"font-weight: 400;\">) oder arabischen (<\/span><a href=\"http:\/\/www.zdf.de\/international\/zdfarabic\"><span style=\"font-weight: 400;\">www.zdf.de\/international\/zdfarabic<\/span><\/a><span style=\"font-weight: 400;\">) Untertiteln.<\/span><\/p>\n<p><a name=\"_Toc122303223\"><\/a><strong>ZDF auf Ukrainisch<\/strong><\/p>\n<p>Das ZDF bietet einige Sendungen mit ukrainischen Untertiteln an: <a href=\"https:\/\/www.zdf.de\/zdf-sendungen-und-nachrichten-mit-ukrainischen-untertiteln-100.html\">https:\/\/www.zdf.de\/zdf-sendungen-und-nachrichten-mit-ukrainischen-untertiteln-100.html<\/a>. Eine Sendung davon ist die Nachrichtensendung \u201eheute journal\u201c. Dort werden die wichtigsten Themen des Tages berichtet und beispielsweise in Interviews mit Politiker:innen aufgearbeitet.<\/p>\n<div class=\"fusion-clearfix\"><\/div><\/div><\/div><div class=\"fusion-one-half fusion-layout-column fusion-column-last fusion-spacing-yes\" style=\"margin-top:0px;margin-bottom:0px;\"><div class=\"fusion-column-wrapper\"><p><strong>ARD<\/strong><\/p>\n<p><span style=\"font-weight: 400;\">Es ist m\u00f6glich, Untertitel einzuschalten: <\/span><a href=\"https:\/\/www.daserste.de\/specials\/service\/barrierefreiheit-im-ersten-untertitel-deutsch100.html\"><span style=\"font-weight: 400;\">https:\/\/www.daserste.de\/specials\/service\/barrierefreiheit-im-ersten-untertitel-deutsch100.html<\/span><\/a><span style=\"font-weight: 400;\">.<\/span><\/p>\n<p><strong>Nachrichten auf Ukrainisch von RTL und ntv<\/strong><\/p>\n<p>Das \u201eUkraine Update\u201c (Ukraine Update) von RTL und ntv richtet sich an ukrainische Gefl\u00fcchtete in Deutschland und l\u00e4uft von Montag bis Freitag. Moderiert wird das \u201eUkraine Update\u201c von der Journalistin Karolina Ashion, die zu Beginn des Krieges selbst von Kiew nach Deutschland geflohen ist. Das \u201eUkraine Update\u201c ist auf ntv.de und RTL.de und auf YouTube unter folgendem Link zu finden: <a href=\"https:\/\/www.youtube.com\/playlist?list=PLwneNHYIBCIRrzn9R-ShO8eduT5Bqu9I3\">https:\/\/www.youtube.com\/playlist?list=PLwneNHYIBCIRrzn9R-ShO8eduT5Bqu9I3<\/a>.<\/p>\n<p><a name=\"_Toc122303226\"><\/a>\u00a0<strong>Newsformate der \u201eDeutschen Welle\u201c<\/strong><strong> auf Ukrainisch und Russisch<\/strong><\/p>\n<p>Die \u201eDeutsche Welle\u201c hat zwei Newsformate eingerichtet, die auf Ukrainisch (\u201eDW Nowyny\u201c) und Russisch (\u201eDW Nowosti\u201c) ausgestrahlt werden. Sie k\u00f6nnen die Nachrichten unter anderem auf YouTube unter folgenden Links verfolgen: <a href=\"https:\/\/www.youtube.com\/@DWUkrainian\">https:\/\/www.youtube.com\/@DWUkrainian<\/a> (Ukrainisch)\u00a0 <a href=\"https:\/\/www.youtube.com\/@dwrussian\">https:\/\/www.youtube.com\/@dwrussian<\/a> (Russisch).<\/p>\n<div class=\"fusion-clearfix\"><\/div><\/div><\/div><div class=\"fusion-clearfix\"><\/div><\/div><\/div><div class=\"fusion-fullwidth fullwidth-box fusion-fullwidth-5  fusion-parallax-none nonhundred-percent-fullwidth\" style=\"border-color:#eae9e9;border-bottom-width: 0px;border-top-width: 0px;border-bottom-style: solid;border-top-style: solid;padding-bottom:20px;padding-top:20px;padding-left:80px;padding-right:80px;\"><style type=\"text\/css\" scoped=\"scoped\">.fusion-fullwidth-5 {\r\n                            padding-left: 80px !important;\r\n                            padding-right: 80px !important;\r\n                        }<\/style><div class=\"fusion-row\"><div class=\"fusion-one-full fusion-layout-column fusion-column-last fusion-spacing-yes\" style=\"margin-top:0px;margin-bottom:0px;\"><div class=\"fusion-column-wrapper\" style=\"background-color:#c6c6c6;padding:18px;\"><div class=\"fusion-column-table\"><div class=\"fusion-column-tablecell\"><div class=\"page\" title=\"Page 1\">\n<div class=\"section\">\n<div class=\"layoutArea\">\n<div class=\"column\">\n<h6 style=\"text-align: left;\"><span style=\"color: #000000;\">Welche Radio-Nachrichten gibt es?<\/span><\/h6>\n<\/div>\n<\/div>\n<\/div>\n<\/div>\n<div class=\"fusion-clearfix\"><\/div><\/div><\/div><\/div><\/div><div class=\"fusion-clearfix\"><\/div><div class=\"fusion-sep-clear\"><\/div><div class=\"fusion-separator fusion-full-width-sep sep-none\" style=\"border-color:#e0dede;margin-left: auto;margin-right: auto;margin-top:;margin-bottom:15px;\"><\/div><div class=\"fusion-one-half fusion-layout-column fusion-spacing-yes\" style=\"margin-top:0px;margin-bottom:0px;\"><div class=\"fusion-column-wrapper\"><p><strong>WDR Refugee Radio<\/strong><\/p>\n<p><span style=\"font-weight: 400;\">WDR Refugee Radio ist ein Radioprogramm speziell f\u00fcr Gefl\u00fcchtete. Sendungen sind auf Arabisch und Deutsch t\u00e4glich zweimal zu h\u00f6ren (<\/span><a href=\"http:\/\/www1.wdr.de\/radio\/cosmo\/programm\/refugee-radio\/\"><span style=\"font-weight: 400;\">http:\/\/www1.wdr.de\/radio\/cosmo\/programm\/refugee-radio\/<\/span><\/a><span style=\"font-weight: 400;\">).<\/span><\/p>\n<div class=\"fusion-clearfix\"><\/div><\/div><\/div><div class=\"fusion-one-half fusion-layout-column fusion-column-last fusion-spacing-yes\" style=\"margin-top:0px;margin-bottom:0px;\"><div class=\"fusion-column-wrapper\"><p><strong>SR 1 Kindernachrichten auf Ukrainisch<\/strong><\/p>\n<p>Der Radiosender SR 1 bietet die w\u00f6chentlichen \u201eDomino\u201c-Nachrichten f\u00fcr Kinder auch auf ukrainisch an: <a href=\"https:\/\/www.sr.de\/sr\/sr1\/programm\/domino\/sr1_domino_kindernachrichten_deutsch_ukrainisch_100.html-\">https:\/\/www.sr.de\/sr\/sr1\/programm\/domino\/sr1_ domino_kindernachrichten_deutsch_ukrainisch_100.html-<\/a>.<\/p>\n<div class=\"fusion-clearfix\"><\/div><\/div><\/div><div class=\"fusion-clearfix\"><\/div><div class=\"fusion-one-half fusion-layout-column fusion-column-last fusion-spacing-yes\" style=\"margin-top:0px;margin-bottom:0px;\"><div class=\"fusion-column-wrapper\"><div class=\"fusion-clearfix\"><\/div><\/div><\/div><div class=\"fusion-clearfix\"><\/div><\/div><\/div><div class=\"fusion-fullwidth fullwidth-box fusion-fullwidth-6  fusion-parallax-none nonhundred-percent-fullwidth\" style=\"border-color:#eae9e9;border-bottom-width: 0px;border-top-width: 0px;border-bottom-style: solid;border-top-style: solid;padding-bottom:20px;padding-top:20px;padding-left:;padding-right:;\"><style type=\"text\/css\" scoped=\"scoped\">.fusion-fullwidth-6 {\r\n                            padding-left: px !important;\r\n                            padding-right: px !important;\r\n                        }<\/style><div class=\"fusion-row\"><p style=\"text-align: right;\"><span style=\"color: #7f7f7f;\">Zuletzt aktualisiert: 01.08.2024<\/span><\/p>\n<\/div><\/div>\n","protected":false},"excerpt":{"rendered":"","protected":false},"author":1,"featured_media":0,"parent":0,"menu_order":0,"comment_status":"closed","ping_status":"closed","template":"100-width.php","meta":{"footnotes":""},"class_list":["post-422","page","type-page","status-publish","hentry"],"_links":{"self":[{"href":"https:\/\/we-inform.de\/portal\/wp-json\/wp\/v2\/pages\/422"}],"collection":[{"href":"https:\/\/we-inform.de\/portal\/wp-json\/wp\/v2\/pages"}],"about":[{"href":"https:\/\/we-inform.de\/portal\/wp-json\/wp\/v2\/types\/page"}],"author":[{"embeddable":true,"href":"https:\/\/we-inform.de\/portal\/wp-json\/wp\/v2\/users\/1"}],"replies":[{"embeddable":true,"href":"https:\/\/we-inform.de\/portal\/wp-json\/wp\/v2\/comments?post=422"}],"version-history":[{"count":19,"href":"https:\/\/we-inform.de\/portal\/wp-json\/wp\/v2\/pages\/422\/revisions"}],"predecessor-version":[{"id":11133,"href":"https:\/\/we-inform.de\/portal\/wp-json\/wp\/v2\/pages\/422\/revisions\/11133"}],"wp:attachment":[{"href":"https:\/\/we-inform.de\/portal\/wp-json\/wp\/v2\/media?parent=422"}],"curies":[{"name":"wp","href":"https:\/\/api.w.org\/{rel}","templated":true}]}}